uppose 182 = 2*l + 2*b, -3*b = n*l - 0*b - 361. What is the greatest common factor of l and 11?
11
Suppose 14*y - 75 = -y. Calculate the greatest common factor of 3 and y.
1
Suppose 5*h - 101 = -11. Let w be (-2)/9 - (-4)/h. Suppose w = 6*r - 5*r - 45. What is the highest common divisor of r and 15?
15
Let j be (-4 - -6) + -4 + 4*14. Calculate the highest common divisor of 54 and j.
54
Let d be 3699/135 + 8/5. Calculate the greatest common divisor of d and 464.
29
Suppose -4*l = -2*b - b - 10, 3*b = -l + 10. Suppose -l*q - 27 = -103. What is the highest common divisor of 95 and q?
19
Suppose -10 = -u + 2*z + 3, 12 = 4*z. Let v be u/2 + 6/(-4). What is the highest common divisor of 16 and v?
8
Let m = 26 - 23. Suppose -m*y + 0*y = -45. Suppose -y = 3*p - 42. Calculate the greatest common divisor of 72 and p.
9
Suppose 5*o - 20 = 5*h, -5*o + 24 = -2*o + h. What is the greatest common divisor of 35 and o?
7
Let x(m) = 2*m**3 - 5*m**2 + m - 8. Let w be x(4). Let y = 3 - 2. Suppose f - 12 = -y. What is the highest common factor of f and w?
11
Let s be 172/8*(-2)/(-1). Calculate the greatest common factor of 387 and s.
43
Let v(o) = -9*o + 69. Let g = 78 + -71. Let u be v(g). What is the highest common divisor of 2 and u?
2
Let u(h) = h**2 + 9*h - 8. Let w be u(-10). Suppose -3*m - 2*n + 51 = -5*n, -w*m - 5*n = -62. What is the highest common factor of 3 and m?
3
Suppose 4*g - 3 = 13. Let l(z) = 11*z**2 + 1. Let t be l(1). Let d = t - g. Calculate the highest common divisor of 4 and d.
4
Let f be (-2)/3*(-135)/10. Calculate the highest common factor of 81 and f.
9
Let k = 555 - 165. Suppose -5*d - 4*u = -948, -2*d + 2*u = -0*u - k. What is the highest common factor of 24 and d?
24
Suppose -2*o = -3*n + 1, -2*o - o + n = -16. Suppose -2*y = 4*x - o*y - 285, 4*y + 74 = x. What is the highest common divisor of x and 175?
35
Let j be ((-16)/24)/((-2)/138). Suppose j = 5*i + 31. Suppose k - 3*k + 48 = 0. Calculate the greatest common divisor of k and i.
3
Let l = -448 + 456. What is the highest common divisor of 56 and l?
8
Let z = -17 + 34. Suppose -g + z = -4*n, 0 = 5*g - 5*n - 11 - 14. Let d be 6 + 5 + -1 + g. Calculate the greatest common divisor of 1 and d.
1
Let m be 38/4*(7 - 5). Suppose -s + 3*s - 4*g = 354, 15 = -5*g. What is the greatest common factor of s and m?
19
Let r be 935/170*104/22. Calculate the highest common factor of 3 and r.
1
Suppose -f + 12 = -4*g + 69, -g = -5*f. Suppose -2*u + 3*i = -3, 2*i + 0 = -10. Let h be ((-105)/u)/(2/12). Calculate the greatest common factor of h and g.
15
Let k be (5 + 32/(-6))*-855. Calculate the highest common factor of k and 114.
57
Let j(n) = n**2 - 16*n - 31. Let a be j(18). Suppose 2*w = a*w - 252. Calculate the greatest common factor of w and 126.
42
Let d be 6*1/(-4)*-2. Suppose d*v = o + 131, 5*v + 5*o - 107 = 138. Calculate the greatest common divisor of v and 9.
9
Suppose -7*r + 6*r + 13 = 5*b, 17 = 5*b - r. Calculate the highest common divisor of 75 and b.
3
Let v = -750 - -755. Calculate the greatest common factor of 4 and v.
1
Let v be (-1 + 3)*247/2. Calculate the highest common divisor of 171 and v.
19
Suppose 0 = 3*s - 4*d - 449, -7*s + 284 = -5*s + 5*d. Let w(l) = 3*l + 6 + 0 + 0. Let o be w(5). Calculate the highest common divisor of o and s.
21
Let z(s) = 2*s**2 + 11*s - 49. Let w be z(-11). Calculate the greatest common factor of 108 and w.
36
Let d be (-30)/(-5)*(-1)/(-2). Suppose -a + 2 = d. Let o be 225/30*(-6)/a. Calculate the greatest common factor of 9 and o.
9
Let s be (66/(-18))/((-10)/30). What is the highest common factor of s and 77?
11
Suppose -1 - 16 = -3*y - 5*s, 0 = -5*y + 3*s + 85. Let b = 8 - 1. Let k(a) = a**3 - 4*a**2 + 7. Let h be k(b). What is the highest common factor of y and h?
14
Let o = 3 + 1. Suppose -o*x - 192 = -7*x. Calculate the greatest common divisor of x and 16.
16
Let u be 1328/24 + 6/9. Suppose -3*y + u = -64. Calculate the highest common factor of y and 10.
10
Let f = -12 + 17. Suppose 3*z + 16 = 2*a - 55, f*a + 5*z - 115 = 0. Calculate the highest common divisor of a and 28.
28
Let r = -244 + 410. What is the greatest common factor of r and 415?
83
Let b(j) = -31*j + 20. Let a be b(-12). Suppose 0 = 3*v - 10*v + a. What is the highest common factor of 14 and v?
14
Let d = 8 - 4. Let h(i) = i**2 + 5*i + 5. Let z be h(-5). Suppose -z*r + 21 = 3*c, -3*r - 3 = 4*c - 20. What is the greatest common factor of d and c?
2
Let m(v) = v**2 + 5*v + 7. Let t be m(-4). Let y be (-7)/(7/t) + 11. Calculate the highest common factor of y and 8.
8
Let t = -362 - -562. Let a be ((-1)/(-2))/((-1)/(-2)). Let w be a/3 - (-370)/15. What is the highest common divisor of t and w?
25
Suppose 0 = 124*b - 145*b + 630. What is the greatest common factor of b and 480?
30
Let q(b) = -b**3 + 6*b**2 + 8*b - 9. Let r be q(7). Let u be ((-1)/4*r)/((-2)/(-72)). Calculate the highest common divisor of u and 72.
18
Suppose 25*j - 5*k = 21*j + 401, 0 = -4*j - 5*k + 391. Calculate the greatest common divisor of j and 77.
11
Suppose -6*a + 7*a + 11638 = 5*z, 2*z - 4650 = 3*a. Calculate the greatest common factor of z and 24.
24
Let y = -678 - -1323. Calculate the greatest common factor of 15 and y.
15
Suppose -6*s = -2*k - s + 140, -4*s - 67 = -k. What is the greatest common factor of k and 25?
25
Let s(d) = -2 - 6 - d**2 - 6*d - 5*d. Let l be s(-10). Suppose -30 = -6*i + 3*i. Calculate the highest common divisor of i and l.
2
Suppose -3*f + 5*p = p - 141, -227 = -5*f + 4*p. What is the highest common factor of f and 1?
1
Let n = 5 - -40. Let g = -2 + -8. Let w = g + n. Calculate the highest common factor of w and 5.
5
Let l = 513 - 505. Calculate the highest common factor of 1336 and l.
8
Let w = 79 - 79. Suppose -2*s + 7*s = 3*t + 54, w = -s - 3*t. Let c be (-407)/(-5) + 4/(-10). What is the highest common factor of s and c?
9
Let p be (-1)/(((-21)/72)/7). Suppose 4*n = -2*q + p, -7*n + 4*n + 5*q = -44. What is the greatest common factor of n and 56?
8
Let v be ((-26)/(-8))/(1/4). Suppose -3*g = -g - 328. Suppose 3*f = y - 6*y + 127, -4*f - 4*y = -g. What is the highest common factor of v and f?
13
Suppose -48 - 312 = -12*a. Let c(b) = -2*b + 10. Let u be c(-5). Calculate the highest common factor of u and a.
10
Let w be -5 - (2 + 1 + -2). Let i = w + 79. Suppose -t - 2*t - 4*l + i = 0, -2*t + 5*l + 64 = 0. Calculate the highest common divisor of 18 and t.
9
Let x = 8 - 2. Let f = -247 - -453. Let q = f + -140. Calculate the highest common divisor of x and q.
6
Let c be 14/8*4*3. Suppose -4*d = -10 - 18. What is the greatest common divisor of c and d?
7
Suppose 4*f - 35 = -5*j + 5, 0 = 3*f - 2*j - 7. Suppose -2*l = -f*q + 196, -l - 142 - 56 = -5*q. What is the greatest common factor of q and 32?
8
Suppose 0 = 4*c + 11 + 1, -2*c = 2*l - 4. Let k be (-660)/385*(-6 + -1*1). Let o = k - l. Calculate the greatest common factor of 35 and o.
7
Suppose 15 = 4*u - 9. Calculate the highest common divisor of u and 3.
3
Let l = 169 + 0. Calculate the greatest common divisor of l and 52.
13
Suppose 0*c - 2*c = 4*k - 12, 6 = k + 2*c. Suppose -5*w + 40 = -55. Let a = w + -11. Calculate the greatest common factor of a and k.
2
Let g be 1 - (-24 + 4/(-2)). Let n = -941 + 922. Let t = n + g. What is the greatest common divisor of t and 4?
4
Let p(u) = 2*u**3 - 14*u**2 + 14*u + 24. Let l be p(8). What is the greatest common factor of l and 96?
24
Let v be 0 + 4/(-5)*-5. Suppose o - 9*y + 12*y - 22 = 0, -8 = -4*y. Calculate the highest common factor of o and v.
4
Let x be (-7 - 309/(-12))/((-2)/(-8)). What is the highest common factor of x and 115?
5
Let y(q) = 4*q - 14. Let k be y(10). Calculate the highest common divisor of 4 and k.
2
Suppose 0 = 4*i - 115 - 141. Suppose 5*z = 3*z + i. Let x(f) = 20*f. Let v be x(4). What is the greatest common divisor of v and z?
16
Let l = 1300 + -1254. Calculate the highest common factor of l and 851.
23
Suppose -3 = -5*u - 3*w - 14, -2*u - 17 = -3*w. Let z be ((-102)/68)/((-1)/u - 1). Calculate the greatest common factor of z and 1.
1
Suppose -600 = -6*c + 456. What is the highest common divisor of 32 and c?
16
Let y(t) = -1 - 4 - t**2 - 3*t**2 + 5*t + t**3 + 3*t**2. Let h be y(5). Let a(z) = 14*z**2 + 1. Let u be a(1). Calculate the highest common factor of